der when 25232 is divided by 528?
416
Calculate the remainder when 290489 is divided by 17.
10
What is the remainder when 1309344 is divided by 307?
296
Calculate the remainder when 2917322 is divided by 1445.
1312
What is the remainder when 4859 is divided by 148?
123
What is the remainder when 2952 is divided by 2849?
103
What is the remainder when 2971453 is divided by 14?
9
What is the remainder when 3930822 is divided by 1098?
1080
Calculate the remainder when 161684 is divided by 1007.
564
Calculate the remainder when 8911116 is divided by 742591.
24
Calculate the remainder when 549742 is divided by 549731.
11
Calculate the remainder when 1582634 is divided by 79.
27
Calculate the remainder when 169347 is divided by 787.
142
Calculate the remainder when 42346498 is divided by 457.
421
What is the remainder when 6906773 is divided by 5804?
13
What is the remainder when 3605356 is divided by 220?
216
What is the remainder when 7972063 is divided by 87?
79
What is the remainder when 8278974 is divided by 5?
4
What is the remainder when 177535 is divided by 875?
785
What is the remainder when 115429 is divided by 764?
65
Calculate the remainder when 330651 is divided by 468.
243
Calculate the remainder when 7599508 is divided by 533.
527
What is the remainder when 244611 is divided by 30544?
259
Calculate the remainder when 25082503 is divided by 65661.
1
What is the remainder when 3254987 is divided by 464997?
8
Calculate the remainder when 103551974 is divided by 2.
0
What is the remainder when 170985 is divided by 1412?
133
Calculate the remainder when 120286 is divided by 328.
238
What is the remainder when 122374 is divided by 13?
5
What is the remainder when 102645 is divided by 1658?
1507
What is the remainder when 231418 is divided by 1237?
99
What is the remainder when 6985958 is divided by 47202?
62
What is the remainder when 291290 is divided by 24271?
38
What is the remainder when 7572689 is divided by 159?
155
What is the remainder when 507292 is divided by 253639?
14
What is the remainder when 8568 is divided by 59?
13
Calculate the remainder when 556144 is divided by 514.
510
Calculate the remainder when 8101340 is divided by 211.
206
Calculate the remainder when 798433 is divided by 1660.
1633
Calculate the remainder when 72477607 is divided by 691.
690
Calculate the remainder when 51746 is divided by 796.
6
What is the remainder when 1532048 is divided by 21886?
28
What is the remainder when 3590033 is divided by 717990?
83
What is the remainder when 1220422 is divided by 133?
14
What is the remainder when 30335 is divided by 30268?
67
What is the remainder when 892489 is divided by 4998?
2845
Calculate the remainder when 16234 is divided by 16157.
77
Calculate the remainder when 440199 is divided by 24164.
5247
Calculate the remainder when 6816773 is divided by 5964.
5885
Calculate the remainder when 176162 is divided by 379.
306
Calculate the remainder when 517500 is divided by 2694.
252
Calculate the remainder when 25316 is divided by 81.
44
What is the remainder when 46539250 is divided by 169?
30
Calculate the remainder when 8624151 is divided by 148692.
15
Calculate the remainder when 30718 is divided by 30696.
22
What is the remainder when 1494882 is divided by 586?
582
What is the remainder when 76372908 is divided by 616?
612
What is the remainder when 59948972 is divided by 3071?
3052
Calculate the remainder when 37452461 is divided by 34.
33
What is the remainder when 816077 is divided by 497?
3
What is the remainder when 19620223 is divided by 2025?
2023
What is the remainder when 71133 is divided by 1048?
917
Calculate the remainder when 791982 is divided by 186.
180
What is the remainder when 714322 is divided by 178401?
718
Calculate the remainder when 84073 is divided by 1714.
87
What is the remainder when 584893 is divided by 584758?
135
What is the remainder when 4641259 is divided by 6?
1
Calculate the remainder when 38392874 is divided by 76.
30
Calculate the remainder when 1345072 is divided by 21350.
22
What is the remainder when 130586 is divided by 10218?
7970
What is the remainder when 121723 is divided by 523?
387
What is the remainder when 16733 is divided by 1024?
349
What is the remainder when 279812780 is divided by 16?
12
What is the remainder when 3510446 is divided by 2212?
2
What is the remainder when 2156551 is divided by 2106?
7
Calculate the remainder when 119061 is divided by 2833.
75
Calculate the remainder when 55553271 is divided by 18517755.
6
What is the remainder when 529048 is divided by 4552?
1016
What is the remainder when 240514 is divided by 32?
2
What is the remainder when 7341 is divided by 1685?
601
What is the remainder when 2789925 is divided by 929973?
6
Calculate the remainder when 496581 is divided by 384.
69
What is the remainder when 117440 is divided by 2143?
1718
What is the remainder when 117878 is divided by 111?
107
Calculate the remainder when 47789 is divided by 11563.
1537
What is the remainder when 2069638 is divided by 216?
142
Calculate the remainder when 11485871 is divided by 145.
131
Calculate the remainder when 109261 is divided by 34.
19
What is the remainder when 36933011 is divided by 189400?
11
What is the remainder when 442692 is divided by 31617?
54
What is the remainder when 13772510 is divided by 17?
11
Calculate the remainder when 101150112 is divided by 4403.
4396
Calculate the remainder when 11253601 is divided by 4597.
145
What is the remainder when 530938 is divided by 5900?
5838
What is the remainder when 258390013 is divided by 86129998?
19
What is the remainder when 1136817 is divided by 1136771?
46
Calculate the remainder when 3585139 is divided by 4.
3
Calculate the remainder when 70259 is divided by 23412.
23
What is the remainder when 10994133 is divided by 101?
81
What is the remainder when 78424 is divided by 1265?
1259
What is the remainder when 15585 is divided by 119?
115
Calculate the remainder when 2103587 is divided by 18.
17
Calculate the remainder when 344931 is divided by 8412.
39
Calculate the remainder when 1859927 is divided by 119.
76
Calculate the remainder when 271597398 is divided by 200.
198
What is the remainder when 739508921 is divided by 255?
251
Calculate the remainder when 55538 is divided by 6156.
134
What is the remainder when 2081455 is divided by 96?
79
Calculate the remainder when 462347 is divided by 28886.
171
Calculate the remainder when 4159855 is divided by 3665.
80
Calculate the remainder when 2090961 is divided by 196.
33
Calculate the remainder when 35684 is divided by 1034.
528
What is the remainder when 924576 is divided by 34241?
69
What is the remainder when 89628 is divided by 488?
324
What is the remainder when 217447 is divided by 13590?
7
What is the remainder when 1503115 is divided by 1503096?
19
Calculate the remainder when 1037242 is divided by 132.
118
Calculate the remainder when 200383 is divided by 199981.
402
Calculate the remainder when 6332164 is divided by 84.
76
What is the remainder when 586470 is divided by 279?
12
Calculate the remainder when 190918 is divided by 3294.
3160
Calculate the remainder when 5162401 is divided by 5587.
13
Calculate the remainder when 115824 is divided by 16500.
324
What is the remainder when 2826948 is divided by 6214?
5792
What is the remainder when 24821124 is divided by 8273708?
0
Calculate the remainder when 351691819 is divided by 456.
451
What is the remainder when 28408651 is divided by 7?
5
What is the remainder when 312365 is divided by 6122?
143
Calculate the remainder when 719133 is divided by 26.
25
Calculate the remainder when 46051 is divided by 166.
69
What is the remainder when 524755 is divided by 22812?
79
Calculate the remainder when 173573 is divided by 50.
23
Calculate the remainder when 254434 is divided by 15902.
2
Calculate the remainder when 4394180 is divided by 3090.
200
What is the remainder when 899113 is divided by 899105?
8
Calculate the remainder when 4206405 is divided by 262.
257
What is the remainder when 774532 is divided by 398?
24
What is the remainder when 180157 is divided by 78?
55
Calculate the remainder when 1567257 is divided by 20093.
3
Calculate the remainder when 71836320 is divided by 13.
10
